*j - 3*p - 3 = 0. Is j a composite number?
False
Is 4 - (4 - 114796 - 2)/2 a composite number?
True
Let k(m) = 3090*m - 389. Is k(6) composite?
True
Suppose v - 2 = 3*v, 2*s + 2*v - 422 = 0. Suppose -s = -5*m - 57. Suppose m = -3*x + 4*x. Is x composite?
False
Let g(c) = c**2 - 3*c + 4. Let m be g(3). Suppose m*y + 5*p - 969 = 297, -y - 4*p + 311 = 0. Let t = -188 + y. Is t composite?
False
Suppose -7*f = -1859 - 1347. Let w = 189 + f. Is w prime?
True
Suppose -17*m + 142355 = -84782. Is m composite?
True
Suppose -2*z = 14*o - 11*o - 7245, -2*o - z = -4831. Is o a composite number?
False
Let g(i) = i**3 + 9*i**2 + 9*i + 4. Let n be g(-8). Let t be 2/(0 + n/(-116)). Let y = t + -21. Is y a composite number?
False
Let k = 30 + 866. Let g = -1388 + k. Is 2/8 + g/(-16) prime?
True
Suppose -z = -3*p - 9011 - 10343, -58082 = -3*z + 5*p. Is z composite?
True
Let g(a) be the third derivative of 4*a**5/15 - a**4/12 - a**3/6 + a**2. Suppose 3*z = 3*q, 5*q + 20 + 10 = -z. Is g(q) a prime number?
True
Let a = 4632 + 711. Suppose -7*h + a = -4*h. Is h composite?
True
Let k(u) = u**3 + 4*u**2 - 4*u - 10. Let g(a) = -4*a**2 + 5*a + 9. Let b(s) = 3*g(s) + 2*k(s). Is b(6) a composite number?
False
Let o = -45664 + 140523. Is o a composite number?
True
Let o(z) be the second derivative of 2*z**3/3 + z**2 + 5*z. Is o(11) a composite number?
True
Suppose -85304 = 124*i - 132*i. Is i prime?
True
Suppose 4*g = t - 6485, 12942 = 8*t - 6*t - g. Is t a prime number?
True
Let g = -3 + 5. Suppose -h + 9 = g*h. Suppose -6*x + 2121 = -h*x. Is x composite?
True
Let q(m) = 5*m**3 + m**2 - 4*m - 1. Let f(h) = -h**2 - 5*h - 3. Let b be f(-2). Is q(b) a composite number?
False
Is (20201/2)/(77/154) prime?
True
Let f = 42 + -16. Suppose 105 = j - f. Is j prime?
True
Let m be 16/(-32)*(-4)/(-1). Is -291*(-12)/18*(-1 - m) a composite number?
True
Suppose 3*k - 6 = 3, 4*k = n + 13. Let w be -1 - n - 0 - 0. Is 33/(-6)*(-2 - w) a prime number?
True
Let n = -43 + -5. Let d = -60 - -161. Let l = d - n. Is l prime?
True
Let i be 1/(3*(-1)/(-6)). Suppose 4*h + 556 = -5*m, 2*m - 139 = h - i*m. Let n = -56 - h. Is n a prime number?
True
Let r be 4*-10*3/(-24). Let a(k) = k**2 - 16*k + 14. Let c(o) = -o + 1. Let g(p) = -a(p) + 5*c(p). Is g(r) a composite number?
True
Let v(p) be the first derivative of -2*p**2 + 22*p + 14. Is v(-9) prime?
False
Let i be 1/(2*1/246). Suppose 4*q + q - 507 = -2*z, 5*z = q - i. Is q a composite number?
False
Let b(k) = 39*k - 30. Let s be b(-21). Let n = 400 - s. Is n prime?
True
Let u = -695 + 207. Let z = 2023 + u. Is z composite?
True
Let b(j) = -j**2 + 18*j - 50. Let x be b(13). Suppose 0 = 5*s + x, 5*n = 7*s - 4*s + 1544. Is n a prime number?
True
Let r(c) = -c**2 - 3*c + 12. Let w be r(3). Is (-10)/30 - 2492/w a prime number?
False
Let k = 28 - 26. Suppose k*i = -4*i + 14754. Is i composite?
False
Let s(k) = 27*k**3 - 6*k**2 - 4*k + 2. Let q(a) = -26*a**3 + 7*a**2 + 5*a - 1. Let r(t) = 2*q(t) + 3*s(t). Is r(3) a composite number?
True
Let p = -2763 + 4457. Let m = p + -71. Is m composite?
True
Suppose j = -q + 9526, 19*q - 23*q = j - 9523. Is j a prime number?
False
Let s = -8903 - -16896. Is s a composite number?
False
Let o(n) = 465*n - 122. Is o(5) a prime number?
True
Let n = 31354 + -13893. Is n a composite number?
True
Suppose 0 = l + 4*x - 12 - 4, 2*l + 20 = 5*x. Suppose l = -2*b + 1151 + 627. Is b a prime number?
False
Suppose -4*v + 31057 = 3*q - 65653, 0 = 5*v + 4*q - 120887. Is v a prime number?
True
Suppose -49047 = -60*a + 57*a. Is a a composite number?
False
Suppose 7*z = 12*z - 517040. Suppose f + 15*f = z. Is f prime?
False
Let m(g) = 27*g - 4 + 10*g - 15*g - 17. Let l be 5 + (4/(-2))/(-2). Is m(l) a prime number?
False
Let h(p) = 253*p**2 - p + 1. Let z be h(-3). Let q = 3974 - z. Is q a composite number?
False
Is ((-67184)/(-65) - 10)*(-5)/(-2) a composite number?
True
Let x be 1 + (4 - (1 - -2)). Is (13 + -8)/(x/26) a composite number?
True
Suppose -2*t + 4 = -2. Suppose n - 31 = -t. Let v = 125 - n. Is v a composite number?
False
Suppose 12*k = 15*k. Suppose g - 4 = -3, k = -j + 2*g + 77. Is j a prime number?
True
Let b(l) = l**3 - 8*l**2 + 15*l - 14. Let w be b(6). Suppose -w*s = -2*v + 1098, 16 = -3*s + 7*s. Is v prime?
True
Is (2/4)/(4359/4358 + -1) composite?
False
Let z(d) be the third derivative of -d**6/12 + d**5/60 - d**4/8 - d**3/6 + 2*d**2. Let y(m) = -4*m - 23. Let l be y(-5). Is z(l) prime?
False
Let o = 119 + -119. Suppose -6*f + f - 2*w + 10215 = o, f = 2*w + 2031. Is f a composite number?
True
Let k = 14 - 89. Suppose -3*s - l + 89 = 0, -5*s - l + 61 = -3*s. Is (s/(-6))/(10/k) a prime number?
False
Let t be (5 - 7)*5/(-2). Suppose t*d = -25, -2*p - 2*d + 679 = -3*d. Let u = p + -176. Is u a composite number?
True
Suppose -5*n + 22492 = -n + 4*c, -2*c + 16865 = 3*n. Is n a composite number?
True
Let n(k) = -k**3 - 5*k**2 + 6*k + 8. Let y be n(-6). Suppose -y*u + 3569 = -887. Is u a composite number?
False
Is -2*(2238/8)/((-18)/12) prime?
True
Let x(i) = -2*i - 70. Let g be x(-25). Let d = 0 - -2. Is (d - (-132)/g)*-5 prime?
True
Suppose 0 = -18*j + 19*j. Suppose j*v - v = -371. Is v composite?
True
Suppose 3*d - 43208 + 4988 = -q, -5*d + 4*q = -63683. Is d prime?
True
Let q be ((-2)/3)/((-1)/6). Let c be 7/q + 1/4. Suppose -c*g + 543 = -967. Is g a composite number?
True
Let f(h) = 48*h + 4. Let w be f(-5). Let i = w + 335. Suppose 34 - i = -5*t. Is t composite?
False
Suppose 540 = -0*j - 9*j. Is (j/9 - -2)*87/(-2) composite?
True
Let f(h) = h**3 + 10*h**2 + 8*h + 3. Suppose -4*n = 2*g + 28, -g = -n - 2 + 7. Let k be f(g). Let t = -48 + k. Is t a prime number?
True
Let m = -698 + 2671. Is m composite?
False
Let o(u) = -31*u - 5. Let f be o(-2). Let y = 11 + f. Suppose -47 = -i + y. Is i a prime number?
False
Suppose 3*y - y = n + 6, 0 = 4*n + y - 12. Suppose -4*b + 2806 = -1778. Suppose n*q = -4*q + b. Is q composite?
False
Suppose 0*w - 6 = 2*w. Let z be 0 - -1 - 0 - w. Suppose -z*j = -411 - 41. Is j prime?
True
Suppose 4*u + 2*x = -420 - 480, -3*u = 3*x + 669. Let l = -116 - u. Is l composite?
True
Let x(j) = -476*j - 5. Let r be x(-6). Suppose -4*l + 137 + r = -2*m, -5*l + 3741 = -4*m. Is l prime?
False
Let y = -2 + 2. Suppose j + 3*j - 740 = y. Is j prime?
False
Let m = 160 - 166. Suppose k + k + 2554 = 0. Is k/m - 14/(-84) a composite number?
True
Let j(u) = u**2 + 4*u + 3. Let m be j(-4). Suppose -5*g - q + m*q + 2 = 0, -5*q - 5 = 4*g. Suppose -4*s + 16 = g, 2*f = 4*f - s - 418. Is f composite?
False
Let k(r) = 14*r**2 + 26 + 51*r**2 + 5*r + 5*r**2. Is k(7) a composite number?
False
Suppose 5*b = -5*b + 20. Suppose -768 = -b*z + 236. Is z prime?
False
Suppose 12*a = -0*a + 48432. Is (0 - 35/(-10))/(2/a) composite?
True
Let b(k) = -3*k - 15. Let o = -3 - 3. Let s be b(o). Suppose 450 = 3*f - 3*j, -740 = -2*f - s*f - 5*j. Is f composite?
False
Let z = 10 + -8. Let y = 12 + -9. Suppose 4*k - i - 12 = -0*k, -z*i = k - y. Is k a composite number?
False
Let g be 9/(-21) - (-40778)/7. Let x be 1/(-4) - g/(-4). Let f = x - 617. Is f a prime number?
True
Suppose -7*a + 161625 = 8*a. Suppose -q = -s + 2158, -2*q - a = -0*s - 5*s. Is s a composite number?
False
Let w(n) = -9*n - 1. Let m be w(2). Let t(y) = -82*y - 26. Let b be t(m). Is b*(2 + (-9)/6) a composite number?
True
Suppose -q + 36 = 14. Suppose -2*j + z + 22 = 2*z, -2*j + 2*z = -q. Let g(t) = 2*t**2 - 3*t + 2. Is g(j) composite?
False
Let r(l) = l**3 + 6*l**2 + 7*l + 4. Let z be r(-4). Let y be (-84)/8*z/(-6). Let a = y - -53. Is a a prime number?
True
Let f(y) = 128*y - 39. Let d be f(-10). Let j = -874 - d. Is j composite?
True
Is ((-15)/10)/(6/(-3676)) prime?
True
Let l = 13789 + -7298. Is l prime?
True
Suppose -14381 = -4*s - 5*c, -2*c = 4*s - 5*c - 14341. Is s a composite number?
True
Let j(o) = -o**3 + 3*o**2 + 15*o - 13. Is j(-14) a prime number?
True
Let s(l) = -46*l - 9. Let u(x) = -47*x - 9. Let y(i) = 7*s(i) - 6*u(i). Suppose -19*m - 81 - 14 = 0. Is y(m) prime?
True
Let c = 3726 - 2018. Let v = -1217 + c. Is v composite?
False
Let b(i) = 4307*i + 562. Is b(5) a composite number?
True
Let j = 3 - -2. Suppose -4*k = 5*g - 26, 2*g + 12 = -2*g + j*k. Suppose -g*n - 2*f = 2*n - 5022, -3*n = -f - 3764. Is n prime?
False
Let u(w) = 11*w**3 - 2*w**2 + 2*w 